{"id":258,"date":"2021-01-26T08:47:39","date_gmt":"2021-01-26T07:47:39","guid":{"rendered":"https:\/\/web-mmi.iutbeziers.fr\/marathonMMI2021\/mdwMMI2021_17\/wordpress\/?page_id=258"},"modified":"2021-02-17T19:11:28","modified_gmt":"2021-02-17T18:11:28","slug":"mot-du-maire","status":"publish","type":"page","link":"https:\/\/www.cabrerolles.fr\/?page_id=258","title":{"rendered":"Mot de la maire"},"content":{"rendered":"\t\t<div data-elementor-type=\"wp-page\" data-elementor-id=\"258\" class=\"elementor elementor-258\">\n\t\t\t\t\t\t<section class=\"elementor-section elementor-top-section elementor-element elementor-element-b3cd1d0 elementor-section-boxed elementor-section-height-default elementor-section-height-default\" data-id=\"b3cd1d0\" data-element_type=\"section\" data-e-type=\"section\">\n\t\t\t\t\t\t<div class=\"elementor-container elementor-column-gap-default\">\n\t\t\t\t\t<div class=\"elementor-column elementor-col-100 elementor-top-column elementor-element elementor-element-8d40860\" data-id=\"8d40860\" data-element_type=\"column\" data-e-type=\"column\">\n\t\t\t<div class=\"elementor-widget-wrap elementor-element-populated\">\n\t\t\t\t\t\t<div class=\"elementor-element elementor-element-4dfcff9 elementor-widget elementor-widget-heading\" data-id=\"4dfcff9\" data-element_type=\"widget\" data-e-type=\"widget\" data-widget_type=\"heading.default\">\n\t\t\t\t<div class=\"elementor-widget-container\">\n\t\t\t\t\t<h2 class=\"elementor-heading-title elementor-size-default\">Bienvenue \u00e0 Cabrerolles<\/h2>\t\t\t\t<\/div>\n\t\t\t\t<\/div>\n\t\t\t\t<div class=\"elementor-element elementor-element-4e3a1ee elementor-widget elementor-widget-text-editor\" data-id=\"4e3a1ee\" data-element_type=\"widget\" data-e-type=\"widget\" data-widget_type=\"text-editor.default\">\n\t\t\t\t<div class=\"elementor-widget-container\">\n\t\t\t\t\t\t\t\t\t<p><span style=\"color: #000000;\"><\/span><\/p>\n<p class=\"has-text-align-left ticss-2ec3103a\" style=\"text-align: left;\"><em><span style=\"color: #000000;\">&#8220;Qui que vous soyez, bienvenue sur le site de la commune de Cabrerolles, territoire des hauts cantons h\u00e9raultais, entre B\u00e9ziers et B\u00e9darieux, situ\u00e9 sur l\u2019aire d\u2019appellation Faug\u00e8res et la communaut\u00e9 de communes des Avant-Monts. Notre commune est aussi implant\u00e9e dans l\u2019aire du Parc r\u00e9gional du Haut Languedoc.<\/span><\/em><br \/><em><span style=\"color: #000000;\">Ce site a pour vocation de cr\u00e9er du lien, de vous donner des informations pratiques et de vous pr\u00e9senter notre lieu de vie : 5 hameaux formant une population de 348 habitants. Une bonne partie de la superficie du territoire est recouverte de ch\u00eanes verts et de vignobles sur schistes.<\/span><\/em><br \/><em><span style=\"color: #000000;\">Une \u00e9cole accueille nos enfants et ceux d\u2019une commune voisine, de la maternelle au primaire. Au c\u0153ur du lien social, l\u2019Ecole est le lieu privil\u00e9gi\u00e9 des rencontres, des apprentissages et de la vie sociale.<\/span><\/em><br \/><em><span style=\"color: #000000;\">Sous le soleil m\u00e9diterran\u00e9en, vous d\u00e9couvrirez les richesses des vestiges de notre patrimoine historique comme la Chapelle castrale r\u00e9nov\u00e9e du ch\u00e2teau de Cabrerolles par exemple.<\/span><\/em><br \/><em><span style=\"color: #000000;\">Notre \u00e9quipe d\u2019\u00e9lus s\u2019applique, avec toute la population cabrerollaise bien entendu, \u00e0 mettre son \u00e9nergie au service de nos concitoyens, et de la pr\u00e9servation de la beaut\u00e9 des paysages.<\/span><\/em><br \/><em><span style=\"color: #000000;\">S\u2019enraciner dans notre pass\u00e9 pour mieux pr\u00e9parer notre avenir, vivre simplement mais vivre vrai aujourd\u2019hui !<\/span><\/em><\/p>\n<p><em><span style=\"color: #000000;\"><\/span><\/em><\/p>\n<p class=\"has-text-align-left ticss-50b16cd5\" style=\"text-align: left;\"><br \/><em><span style=\"color: #000000;\">Belle d\u00e9couverte et belle balade virtuelle, en attendant de vous rencontrer chez nous, au gr\u00e9 de vos vacances peut-\u00eatre, nous saurons vous accueillir dans un environnement nature, pr\u00e9serv\u00e9 des nuisances citadines. Je vous invite aussi \u00e0 vous abonner \u00e0 notre page Facebook afin de suivre nos derni\u00e8res actualit\u00e9s.&#8221;<\/span><\/em><\/p>\n<p class=\"has-text-align-left ticss-50b16cd5\" style=\"text-align: right;\"><br \/><span style=\"color: #000000;\">S\u00e9verine Saur, Maire<\/span><\/p>\n<p style=\"text-align: right;\"><span style=\"color: #000000;\"><\/span><\/p>\t\t\t\t\t\t\t\t<\/div>\n\t\t\t\t<\/div>\n\t\t\t\t\t<\/div>\n\t\t<\/div>\n\t\t\t\t\t<\/div>\n\t\t<\/section>\n\t\t\t\t<\/div>\n\t\t","protected":false},"excerpt":{"rendered":"<p>Bienvenue \u00e0 Cabrerolles &#8220;Qui que vous soyez, bienvenue sur le site de la commune de Cabrerolles, territoire des hauts cantons h\u00e9raultais, entre B\u00e9ziers et B\u00e9darieux, situ\u00e9 sur l\u2019aire d\u2019appellation Faug\u00e8res et la communaut\u00e9 de communes des Avant-Monts. Notre commune est aussi implant\u00e9e dans l\u2019aire du Parc r\u00e9gional du Haut Languedoc.Ce site a pour vocation de &hellip; <\/p>\n<p class=\"link-more\"><a href=\"https:\/\/www.cabrerolles.fr\/?page_id=258\" class=\"more-link\">Continuer la lecture<span class=\"screen-reader-text\"> de &laquo;&nbsp;Mot de la maire&nbsp;&raquo;<\/span><\/a><\/p>\n","protected":false},"author":1,"featured_media":0,"parent":0,"menu_order":0,"comment_status":"closed","ping_status":"closed","template":"","meta":{"advgb_blocks_editor_width":"","advgb_blocks_columns_visual_guide":"","footnotes":""},"class_list":["post-258","page","type-page","status-publish","hentry"],"coauthors":[],"author_meta":{"author_link":"https:\/\/www.cabrerolles.fr\/?author=1","display_name":"mairie"},"relative_dates":{"created":"Publi\u00e9 5 ans il y a","modified":"Mis \u00e0 jour 5 ans il y a"},"absolute_dates":{"created":"Publi\u00e9 le 26 janvier 2021","modified":"Mise \u00e0 jour le 17 f\u00e9vrier 2021"},"absolute_dates_time":{"created":"Publi\u00e9 le 26 janvier 2021 8h47","modified":"Mise \u00e0 jour le 17 f\u00e9vrier 2021 19h11"},"featured_img_caption":"","featured_img":false,"series_order":"","_links":{"self":[{"href":"https:\/\/www.cabrerolles.fr\/index.php?rest_route=\/wp\/v2\/pages\/258","targetHints":{"allow":["GET"]}}],"collection":[{"href":"https:\/\/www.cabrerolles.fr\/index.php?rest_route=\/wp\/v2\/pages"}],"about":[{"href":"https:\/\/www.cabrerolles.fr\/index.php?rest_route=\/wp\/v2\/types\/page"}],"author":[{"embeddable":true,"href":"https:\/\/www.cabrerolles.fr\/index.php?rest_route=\/wp\/v2\/users\/1"}],"replies":[{"embeddable":true,"href":"https:\/\/www.cabrerolles.fr\/index.php?rest_route=%2Fwp%2Fv2%2Fcomments&post=258"}],"version-history":[{"count":19,"href":"https:\/\/www.cabrerolles.fr\/index.php?rest_route=\/wp\/v2\/pages\/258\/revisions"}],"predecessor-version":[{"id":1937,"href":"https:\/\/www.cabrerolles.fr\/index.php?rest_route=\/wp\/v2\/pages\/258\/revisions\/1937"}],"wp:attachment":[{"href":"https:\/\/www.cabrerolles.fr\/index.php?rest_route=%2Fwp%2Fv2%2Fmedia&parent=258"}],"curies":[{"name":"wp","href":"https:\/\/api.w.org\/{rel}","templated":true}]}}