{"id":74,"date":"2021-01-25T12:23:34","date_gmt":"2021-01-25T11:23:34","guid":{"rendered":"https:\/\/web-mmi.iutbeziers.fr\/marathonMMI2021\/mdwMMI2021_17\/wordpress\/?page_id=74"},"modified":"2026-03-31T13:17:11","modified_gmt":"2026-03-31T11:17:11","slug":"le-ccas","status":"publish","type":"page","link":"https:\/\/www.cabrerolles.fr\/?page_id=74","title":{"rendered":"Le CCAS"},"content":{"rendered":"\t\t<div data-elementor-type=\"wp-page\" data-elementor-id=\"74\" class=\"elementor elementor-74\">\n\t\t\t\t\t\t<section class=\"elementor-section elementor-top-section elementor-element elementor-element-eb3d10a elementor-section-boxed elementor-section-height-default elementor-section-height-default\" data-id=\"eb3d10a\" data-element_type=\"section\" data-e-type=\"section\">\n\t\t\t\t\t\t<div class=\"elementor-container elementor-column-gap-default\">\n\t\t\t\t\t<div class=\"elementor-column elementor-col-100 elementor-top-column elementor-element elementor-element-803665d\" data-id=\"803665d\" data-element_type=\"column\" data-e-type=\"column\">\n\t\t\t<div class=\"elementor-widget-wrap elementor-element-populated\">\n\t\t\t\t\t\t<div class=\"elementor-element elementor-element-eee8c30 elementor-widget elementor-widget-heading\" data-id=\"eee8c30\" data-element_type=\"widget\" data-e-type=\"widget\" data-widget_type=\"heading.default\">\n\t\t\t\t<div class=\"elementor-widget-container\">\n\t\t\t\t\t<h2 class=\"elementor-heading-title elementor-size-default\">Le centre communal d'action sociale<\/h2>\t\t\t\t<\/div>\n\t\t\t\t<\/div>\n\t\t\t\t\t<\/div>\n\t\t<\/div>\n\t\t\t\t\t<\/div>\n\t\t<\/section>\n\t\t\t\t<section class=\"elementor-section elementor-top-section elementor-element elementor-element-4b469f8b elementor-section-boxed elementor-section-height-default elementor-section-height-default\" data-id=\"4b469f8b\" data-element_type=\"section\" data-e-type=\"section\">\n\t\t\t\t\t\t<div class=\"elementor-container elementor-column-gap-default\">\n\t\t\t\t\t<div class=\"elementor-column elementor-col-100 elementor-top-column elementor-element elementor-element-728d7218\" data-id=\"728d7218\" data-element_type=\"column\" data-e-type=\"column\">\n\t\t\t<div class=\"elementor-widget-wrap elementor-element-populated\">\n\t\t\t\t\t\t<div class=\"elementor-element elementor-element-6d833e7c elementor-widget elementor-widget-text-editor\" data-id=\"6d833e7c\" data-element_type=\"widget\" data-e-type=\"widget\" data-widget_type=\"text-editor.default\">\n\t\t\t\t<div class=\"elementor-widget-container\">\n\t\t\t\t\t\t\t\t\t<p><span style=\"color: #000000;\"><\/span><\/p>\n<p><span style=\"color: #000000;\">Le centre communal d\u2019action sociale s\u2019occupe d\u2019actions sociales au sein de la commune. <br \/>Il est compos\u00e9 d\u2019\u00e9lu\u00b7e\u00b7s\u00a0<\/span><span style=\"color: #000000; font-family: var( --e-global-typography-text-font-family ), Sans-serif; font-weight: var( --e-global-typography-text-font-weight );\">et de citoyen\u00b7ne\u00b7s qui se r\u00e9unissent r\u00e9guli\u00e8rement.\u00a0 \u00a0<\/span><\/p>\n<p><span style=\"color: #000000;\"><strong>Pr\u00e9sidente\u00a0 :<br \/><\/strong>Genevi\u00e8ve Palau<strong><br \/><\/strong><\/span><\/p>\n<p><span style=\"color: #000000;\"><strong>Membres \u00e9lus<\/strong> :<br \/>Ana\u00efs Laurencin, Marilyne Mar\u00e9chal-Pons, Kathia Viguier<\/span><\/p>\n<p><span style=\"color: #000000;\"><strong>Membres non \u00e9lus<\/strong> :<br \/>Emmanuelle Dubois, Ren\u00e9e Cros, Eric Cascales<\/span><\/p>\n<p><span style=\"color: #000000;\">\u00a0<\/span><\/p>\n<p><span style=\"color: #000000;\"><\/span><\/p>\t\t\t\t\t\t\t\t<\/div>\n\t\t\t\t<\/div>\n\t\t\t\t\t<\/div>\n\t\t<\/div>\n\t\t\t\t\t<\/div>\n\t\t<\/section>\n\t\t\t\t<\/div>\n\t\t","protected":false},"excerpt":{"rendered":"<p>Le centre communal d&#8217;action sociale Le centre communal d\u2019action sociale s\u2019occupe d\u2019actions sociales au sein de la commune. Il est compos\u00e9 d\u2019\u00e9lu\u00b7e\u00b7s\u00a0et de citoyen\u00b7ne\u00b7s qui se r\u00e9unissent r\u00e9guli\u00e8rement.\u00a0 \u00a0 Pr\u00e9sidente\u00a0 :Genevi\u00e8ve Palau Membres \u00e9lus :Ana\u00efs Laurencin, Marilyne Mar\u00e9chal-Pons, Kathia Viguier Membres non \u00e9lus :Emmanuelle Dubois, Ren\u00e9e Cros, Eric Cascales \u00a0<\/p>\n","protected":false},"author":1,"featured_media":0,"parent":0,"menu_order":0,"comment_status":"closed","ping_status":"closed","template":"","meta":{"advgb_blocks_editor_width":"","advgb_blocks_columns_visual_guide":"","footnotes":""},"class_list":["post-74","page","type-page","status-publish","hentry"],"coauthors":[],"author_meta":{"author_link":"https:\/\/www.cabrerolles.fr\/?author=1","display_name":"mairie"},"relative_dates":{"created":"Publi\u00e9 5 ans il y a","modified":"Mis \u00e0 jour 4 semaines il y a"},"absolute_dates":{"created":"Publi\u00e9 le 25 janvier 2021","modified":"Mise \u00e0 jour le 31 mars 2026"},"absolute_dates_time":{"created":"Publi\u00e9 le 25 janvier 2021 12h23","modified":"Mise \u00e0 jour le 31 mars 2026 13h17"},"featured_img_caption":"","featured_img":false,"series_order":"","_links":{"self":[{"href":"https:\/\/www.cabrerolles.fr\/index.php?rest_route=\/wp\/v2\/pages\/74","targetHints":{"allow":["GET"]}}],"collection":[{"href":"https:\/\/www.cabrerolles.fr\/index.php?rest_route=\/wp\/v2\/pages"}],"about":[{"href":"https:\/\/www.cabrerolles.fr\/index.php?rest_route=\/wp\/v2\/types\/page"}],"author":[{"embeddable":true,"href":"https:\/\/www.cabrerolles.fr\/index.php?rest_route=\/wp\/v2\/users\/1"}],"replies":[{"embeddable":true,"href":"https:\/\/www.cabrerolles.fr\/index.php?rest_route=%2Fwp%2Fv2%2Fcomments&post=74"}],"version-history":[{"count":17,"href":"https:\/\/www.cabrerolles.fr\/index.php?rest_route=\/wp\/v2\/pages\/74\/revisions"}],"predecessor-version":[{"id":5128,"href":"https:\/\/www.cabrerolles.fr\/index.php?rest_route=\/wp\/v2\/pages\/74\/revisions\/5128"}],"wp:attachment":[{"href":"https:\/\/www.cabrerolles.fr\/index.php?rest_route=%2Fwp%2Fv2%2Fmedia&parent=74"}],"curies":[{"name":"wp","href":"https:\/\/api.w.org\/{rel}","templated":true}]}}

<div data-elementor-type="wp-page" data-elementor-id="74" class="elementor elementor-74">
						<section class="elementor-section elementor-top-section elementor-element elementor-element-eb3d10a elementor-section-boxed elementor-section-height-default elementor-section-height-default" data-id="eb3d10a" data-element_type="section" data-e-type="section">
						<div class="elementor-container elementor-column-gap-default">
					<div class="elementor-column elementor-col-100 elementor-top-column elementor-element elementor-element-803665d" data-id="803665d" data-element_type="column" data-e-type="column">
			<div class="elementor-widget-wrap elementor-element-populated">
						<div class="elementor-element elementor-element-eee8c30 elementor-widget elementor-widget-heading" data-id="eee8c30" data-element_type="widget" data-e-type="widget" data-widget_type="heading.default">
				<div class="elementor-widget-container">
					<h2 class="elementor-heading-title elementor-size-default">Le centre communal d'action sociale</h2>				</div>
				</div>
					</div>
		</div>
					</div>
		</section>
				<section class="elementor-section elementor-top-section elementor-element elementor-element-4b469f8b elementor-section-boxed elementor-section-height-default elementor-section-height-default" data-id="4b469f8b" data-element_type="section" data-e-type="section">
						<div class="elementor-container elementor-column-gap-default">
					<div class="elementor-column elementor-col-100 elementor-top-column elementor-element elementor-element-728d7218" data-id="728d7218" data-element_type="column" data-e-type="column">
			<div class="elementor-widget-wrap elementor-element-populated">
						<div class="elementor-element elementor-element-6d833e7c elementor-widget elementor-widget-text-editor" data-id="6d833e7c" data-element_type="widget" data-e-type="widget" data-widget_type="text-editor.default">
				<div class="elementor-widget-container">
									<p><span style="color: #000000;"></span></p>
<p><span style="color: #000000;">Le centre communal d’action sociale s’occupe d’actions sociales au sein de la commune. <br />Il est composé d’élu·e·s </span><span style="color: #000000; font-family: var( --e-global-typography-text-font-family ), Sans-serif; font-weight: var( --e-global-typography-text-font-weight );">et de citoyen·ne·s qui se réunissent régulièrement.   </span></p>
<p><span style="color: #000000;"><strong>Présidente  :<br /></strong>Geneviève Palau<strong><br /></strong></span></p>
<p><span style="color: #000000;"><strong>Membres élus</strong> :<br />Anaïs Laurencin, Marilyne Maréchal-Pons, Kathia Viguier</span></p>
<p><span style="color: #000000;"><strong>Membres non élus</strong> :<br />Emmanuelle Dubois, Renée Cros, Eric Cascales</span></p>
<p><span style="color: #000000;"> </span></p>
<p><span style="color: #000000;"></span></p>								</div>
				</div>
					</div>
		</div>
					</div>
		</section>
				</div>

<p>Le centre communal d&#8217;action sociale Le centre communal d’action sociale s’occupe d’actions sociales au sein de la commune. Il est composé d’élu·e·s et de citoyen·ne·s qui se réunissent régulièrement.    Présidente  :Geneviève Palau Membres élus :Anaïs Laurencin, Marilyne Maréchal-Pons, Kathia Viguier Membres non élus :Emmanuelle Dubois, Renée Cros, Eric Cascales  </p>

Publié 5 ans il y a

Mis à jour 4 semaines il y a

Publié le 25 janvier 2021

Mise à jour le 31 mars 2026

Publié le 25 janvier 2021 12h23

Mise à jour le 31 mars 2026 13h17
