{"id":95,"date":"2021-01-25T12:33:30","date_gmt":"2021-01-25T11:33:30","guid":{"rendered":"https:\/\/web-mmi.iutbeziers.fr\/marathonMMI2021\/mdwMMI2021_17\/wordpress\/?page_id=95"},"modified":"2023-03-30T14:09:20","modified_gmt":"2023-03-30T12:09:20","slug":"seniors","status":"publish","type":"page","link":"https:\/\/www.cabrerolles.fr\/?page_id=95","title":{"rendered":"S\u00e9niors"},"content":{"rendered":"\t\t<div data-elementor-type=\"wp-page\" data-elementor-id=\"95\" class=\"elementor elementor-95\">\n\t\t\t\t\t\t<section class=\"elementor-section elementor-top-section elementor-element elementor-element-4887097 elementor-section-boxed elementor-section-height-default elementor-section-height-default\" data-id=\"4887097\" data-element_type=\"section\" data-e-type=\"section\">\n\t\t\t\t\t\t<div class=\"elementor-container elementor-column-gap-default\">\n\t\t\t\t\t<div class=\"elementor-column elementor-col-100 elementor-top-column elementor-element elementor-element-429dc72\" data-id=\"429dc72\" data-element_type=\"column\" data-e-type=\"column\">\n\t\t\t<div class=\"elementor-widget-wrap elementor-element-populated\">\n\t\t\t\t\t\t<div class=\"elementor-element elementor-element-204e7c5 elementor-widget elementor-widget-heading\" data-id=\"204e7c5\" data-element_type=\"widget\" data-e-type=\"widget\" data-widget_type=\"heading.default\">\n\t\t\t\t<div class=\"elementor-widget-container\">\n\t\t\t\t\t<h2 class=\"elementor-heading-title elementor-size-default\">Pour les s\u00e9niors<\/h2>\t\t\t\t<\/div>\n\t\t\t\t<\/div>\n\t\t\t\t\t<\/div>\n\t\t<\/div>\n\t\t\t\t\t<\/div>\n\t\t<\/section>\n\t\t\t\t<section class=\"elementor-section elementor-top-section elementor-element elementor-element-348a437d elementor-section-boxed elementor-section-height-default elementor-section-height-default\" data-id=\"348a437d\" data-element_type=\"section\" data-e-type=\"section\">\n\t\t\t\t\t\t<div class=\"elementor-container elementor-column-gap-default\">\n\t\t\t\t\t<div class=\"elementor-column elementor-col-100 elementor-top-column elementor-element elementor-element-11aa85fc\" data-id=\"11aa85fc\" data-element_type=\"column\" data-e-type=\"column\">\n\t\t\t<div class=\"elementor-widget-wrap elementor-element-populated\">\n\t\t\t\t\t\t<div class=\"elementor-element elementor-element-47a6c2d0 elementor-widget elementor-widget-text-editor\" data-id=\"47a6c2d0\" data-element_type=\"widget\" data-e-type=\"widget\" data-widget_type=\"text-editor.default\">\n\t\t\t\t<div class=\"elementor-widget-container\">\n\t\t\t\t\t\t\t\t\t<p><strong><span style=\"color: #000000;\">Club de la Coquillade<\/span><\/strong><br \/><span style=\"color: #000000;\">Rue Egalit\u00e9 34480 Autignac<\/span><br \/><span style=\"color: #000000;\">T\u00e9l\u00e9phone : 04 67 90 12 80<\/span><br \/><span style=\"color: #000000;\">Pr\u00e9sident : Fran\u00e7ois Humbert<\/span><\/p><p style=\"text-align: center;\"><strong><span style=\"color: #800000;\">***<\/span><\/strong><\/p><p><span style=\"color: #339966;\"><strong><img decoding=\"async\" class=\"size-medium wp-image-4270 aligncenter\" src=\"https:\/\/www.cabrerolles.fr\/wp-content\/uploads\/2023\/03\/bandeau-PVS-Internet-300x63.jpg\" alt=\"\" width=\"300\" height=\"63\" srcset=\"https:\/\/www.cabrerolles.fr\/wp-content\/uploads\/2023\/03\/bandeau-PVS-Internet-300x63.jpg 300w, https:\/\/www.cabrerolles.fr\/wp-content\/uploads\/2023\/03\/bandeau-PVS-Internet-1024x215.jpg 1024w, https:\/\/www.cabrerolles.fr\/wp-content\/uploads\/2023\/03\/bandeau-PVS-Internet-768x161.jpg 768w, https:\/\/www.cabrerolles.fr\/wp-content\/uploads\/2023\/03\/bandeau-PVS-Internet-1536x323.jpg 1536w, https:\/\/www.cabrerolles.fr\/wp-content\/uploads\/2023\/03\/bandeau-PVS-Internet-2048x430.jpg 2048w\" sizes=\"(max-width: 300px) 100vw, 300px\" \/>Pr\u00e9sence Verte Service<\/strong><\/span><br \/><span style=\"color: #000000;\"><em><strong>Pr\u00e9sident : <\/strong><\/em>M. Jack GAUFFRE<\/span><\/p><p><span style=\"color: #000000;\"><span style=\"text-decoration: underline;\"><em><strong>Agence locale :<\/strong><\/em><\/span><\/span><\/p><p><span style=\"color: #000000;\">8, avenue Charles Trenet &#8211; 34360 <strong>SAINT CHINIAN<\/strong><br \/><\/span><span style=\"color: #000000;\"><em><strong>Horaires:<\/strong><\/em> du lundi au vendredi, de 8h30 \u00e0 12h30 et de 13h30 \u00e0 17h30<\/span><br \/><span style=\"color: #000000;\"><em><strong>T\u00e9l\u00e9phone :<\/strong><\/em> 04 67 24 59 50<\/span><br \/><span style=\"color: #000000;\"><em><strong>Courriel :<\/strong><\/em> <span style=\"color: #8e1825;\"><a style=\"color: #8e1825;\" href=\"mailto:stchinian@presenceverteservices.fr\" target=\"_blank\" rel=\"noopener\">stchinian@presenceverteservices.fr<\/a><\/span><\/span><br \/><span style=\"color: #000000;\"><em><strong>Site internet:<\/strong><\/em> <span style=\"color: #8e1825;\"><a style=\"color: #8e1825;\" href=\"http:\/\/www.presenceverteservices.fr\/\" target=\"_blank\" rel=\"noopener\">http:\/\/www.presenceverteservices.fr\/<\/a><\/span><\/span><\/p><p><span style=\"color: #000000;\"><span style=\"text-decoration: underline;\"><em><strong>Permanences secondaires<\/strong><\/em><\/span><\/span><span style=\"color: #000000;\"><span style=\"text-decoration: underline;\"><em><strong> :<br \/><\/strong><\/em><\/span><br \/><\/span><span style=\"color: #000000;\">Maison des Services &#8211; Esplanade de la Gare &#8211; 34390 <strong>OLARGUES<\/strong><br \/><\/span><span style=\"color: #000000;\"><em><strong>Horaires:<\/strong><\/em> lundi, mercredi, jeudi, vendredi, de 8h30 \u00e0 12h et le mardi de 8h30 \u00e0 12h et de 14h \u00e0 17h30<\/span><br \/><span style=\"color: #000000;\"><em><strong>T\u00e9l\u00e9phone :<\/strong><\/em> 04 67 24 59 50<\/span><\/p><p><span style=\"color: #000000;\">4, avenue d&#8217;Homps &#8211; 34210 <strong>OLONZAC<\/strong><br \/><\/span><span style=\"color: #000000;\"><em><strong>Horaires:<\/strong><\/em> le mardi de 8h30 \u00e0 12h et le vendredi de 9h \u00e0 12h<\/span><br \/><span style=\"color: #000000;\"><em><strong>T\u00e9l\u00e9phone :<\/strong><\/em> 04 67 24 59 50<\/span><\/p><p><span style=\"color: #000000;\">Pour trouver sites et horaires d&#8217;accueil sur le D\u00e9partement :\u00a0<br \/><a href=\"https:\/\/www.presenceverteservices.fr\/trouvez-une-agence-pres-de-chez-vous\/\" target=\"_blank\" rel=\"noopener\"><span style=\"color: #800000;\">https:\/\/www.presenceverteservices.fr\/trouvez-une-agence-pres-de-chez-vous\/<\/span><\/a><\/span><\/p><p><span style=\"color: #800000;\"><a style=\"color: #800000;\" href=\"https:\/\/www.cabrerolles.fr\/wp-content\/uploads\/2023\/03\/PVS-sur-lHerault.pdf\" target=\"_blank\" rel=\"noopener\">Les services de Pr\u00e9sence Verte<\/a><\/span><\/p><p><!-- \/wp:quote --><\/p>\t\t\t\t\t\t\t\t<\/div>\n\t\t\t\t<\/div>\n\t\t\t\t\t<\/div>\n\t\t<\/div>\n\t\t\t\t\t<\/div>\n\t\t<\/section>\n\t\t\t\t<section class=\"elementor-section elementor-top-section elementor-element elementor-element-c7f79a7 elementor-section-boxed elementor-section-height-default elementor-section-height-default\" data-id=\"c7f79a7\" data-element_type=\"section\" data-e-type=\"section\">\n\t\t\t\t\t\t<div class=\"elementor-container elementor-column-gap-default\">\n\t\t\t\t\t<div class=\"elementor-column elementor-col-100 elementor-top-column elementor-element elementor-element-54b9f99\" data-id=\"54b9f99\" data-element_type=\"column\" data-e-type=\"column\">\n\t\t\t<div class=\"elementor-widget-wrap\">\n\t\t\t\t\t\t\t<\/div>\n\t\t<\/div>\n\t\t\t\t\t<\/div>\n\t\t<\/section>\n\t\t\t\t<section class=\"elementor-section elementor-top-section elementor-element elementor-element-fe84688 elementor-section-boxed elementor-section-height-default elementor-section-height-default\" data-id=\"fe84688\" data-element_type=\"section\" data-e-type=\"section\">\n\t\t\t\t\t\t<div class=\"elementor-container elementor-column-gap-default\">\n\t\t\t\t\t<div class=\"elementor-column elementor-col-100 elementor-top-column elementor-element elementor-element-5d67fb4\" data-id=\"5d67fb4\" data-element_type=\"column\" data-e-type=\"column\">\n\t\t\t<div class=\"elementor-widget-wrap elementor-element-populated\">\n\t\t\t\t\t\t<div class=\"elementor-element elementor-element-d65b1ae elementor-widget elementor-widget-spacer\" data-id=\"d65b1ae\" data-element_type=\"widget\" data-e-type=\"widget\" data-widget_type=\"spacer.default\">\n\t\t\t\t<div class=\"elementor-widget-container\">\n\t\t\t\t\t\t\t<div class=\"elementor-spacer\">\n\t\t\t<div class=\"elementor-spacer-inner\"><\/div>\n\t\t<\/div>\n\t\t\t\t\t\t<\/div>\n\t\t\t\t<\/div>\n\t\t\t\t<div class=\"elementor-element elementor-element-a7d9dc5 elementor-widget elementor-widget-heading\" data-id=\"a7d9dc5\" data-element_type=\"widget\" data-e-type=\"widget\" data-widget_type=\"heading.default\">\n\t\t\t\t<div class=\"elementor-widget-container\">\n\t\t\t\t\t<h1 class=\"elementor-heading-title elementor-size-default\">Les histoires de la commune<\/h1>\t\t\t\t<\/div>\n\t\t\t\t<\/div>\n\t\t\t\t<div class=\"elementor-element elementor-element-91cd33c elementor-widget elementor-widget-spacer\" data-id=\"91cd33c\" data-element_type=\"widget\" data-e-type=\"widget\" data-widget_type=\"spacer.default\">\n\t\t\t\t<div class=\"elementor-widget-container\">\n\t\t\t\t\t\t\t<div class=\"elementor-spacer\">\n\t\t\t<div class=\"elementor-spacer-inner\"><\/div>\n\t\t<\/div>\n\t\t\t\t\t\t<\/div>\n\t\t\t\t<\/div>\n\t\t\t\t<div class=\"elementor-element elementor-element-5a5b8ad elementor-widget elementor-widget-text-editor\" data-id=\"5a5b8ad\" data-element_type=\"widget\" data-e-type=\"widget\" data-widget_type=\"text-editor.default\">\n\t\t\t\t<div class=\"elementor-widget-container\">\n\t\t\t\t\t\t\t\t\t<p>Si vous avez des histoires \u00e0 raconter sur le village, c&#8217;est ici qu&#8217;on pourra les lire !<\/p>\t\t\t\t\t\t\t\t<\/div>\n\t\t\t\t<\/div>\n\t\t\t\t\t<\/div>\n\t\t<\/div>\n\t\t\t\t\t<\/div>\n\t\t<\/section>\n\t\t\t\t<section class=\"elementor-section elementor-top-section elementor-element elementor-element-61db4b1 elementor-section-boxed elementor-section-height-default elementor-section-height-default\" data-id=\"61db4b1\" data-element_type=\"section\" data-e-type=\"section\">\n\t\t\t\t\t\t<div class=\"elementor-container elementor-column-gap-default\">\n\t\t\t\t\t<div class=\"elementor-column elementor-col-100 elementor-top-column elementor-element elementor-element-e18ee87\" data-id=\"e18ee87\" data-element_type=\"column\" data-e-type=\"column\">\n\t\t\t<div class=\"elementor-widget-wrap elementor-element-populated\">\n\t\t\t\t\t\t<div class=\"elementor-element elementor-element-11ecab2 elementor-widget elementor-widget-accordion\" data-id=\"11ecab2\" data-element_type=\"widget\" data-e-type=\"widget\" data-widget_type=\"accordion.default\">\n\t\t\t\t<div class=\"elementor-widget-container\">\n\t\t\t\t\t\t\t<div class=\"elementor-accordion\">\n\t\t\t\t\t\t\t<div class=\"elementor-accordion-item\">\n\t\t\t\t\t<div id=\"elementor-tab-title-1871\" class=\"elementor-tab-title\" data-tab=\"1\" role=\"button\" aria-controls=\"elementor-tab-content-1871\" aria-expanded=\"false\">\n\t\t\t\t\t\t\t\t\t\t\t\t\t<span class=\"elementor-accordion-icon elementor-accordion-icon-left\" aria-hidden=\"true\">\n\t\t\t\t\t\t\t\t\t\t\t\t\t\t\t<span class=\"elementor-accordion-icon-closed\"><i class=\"fas fa-plus\"><\/i><\/span>\n\t\t\t\t\t\t\t\t<span class=\"elementor-accordion-icon-opened\"><i class=\"fas fa-minus\"><\/i><\/span>\n\t\t\t\t\t\t\t\t\t\t\t\t\t\t<\/span>\n\t\t\t\t\t\t\t\t\t\t\t\t<a class=\"elementor-accordion-title\" tabindex=\"0\">Les vendanges pendant la seconde guerre<\/a>\n\t\t\t\t\t<\/div>\n\t\t\t\t\t<div id=\"elementor-tab-content-1871\" class=\"elementor-tab-content elementor-clearfix\" data-tab=\"1\" role=\"region\" aria-labelledby=\"elementor-tab-title-1871\"><p>En septembre, pour le mois des vendanges et du patrimoine, nous avons choisi de vous donner <strong><span style=\"color: #800000;\">des extraits d\u2019un recueil d\u2019anecdotes de Henry Maury :<\/span><\/strong><\/p><p>Nous sommes d\u00e9but septembre 1943, la guerre contre l&#8217;Allemagne est d\u00e9clar\u00e9e depuis le 3 septembre 1939.<br \/>France est vaincue et les Allemands depuis 1942 occupent la zone libre gouvern\u00e9e par le mar\u00e9chal P\u00e9tain qui voit son pouvoir diminuer et ne peu emp\u00eacher le STO (service du travail obligatoire). Il est oblig\u00e9 de laisser partir les jeunes de la classe 42 43 pour travailler en Allemagne.\u00a0<\/p><p>La famille et les vendangeurs sont r\u00e9unis pour le repas du soir vers 18h. Les vendanges doivent commencer demain. Je me rappelle de Ginette (la fianc\u00e9e de Maurice) et de sa s\u0153ur Simone, de Servian qui \u00e9taient venues nous aider.<br \/>D\u00e9j\u00e0 nous commen\u00e7ons \u00e0 manger qu&#8217;un avion allemand est pass\u00e9 deux fois \u00e0 faible altitude. Ce jour-l\u00e0 un orage s&#8217;\u00e9tait d\u00e9clar\u00e9 et toutes les montagnes \u00e9tait prises d&#8217;un \u00e9pais brouillard et de beaucoup de pluie. Lorsque tout \u00e0 coup une immense clart\u00e9 illumine la fen\u00eatre de la salle \u00e0 manger, suivi d&#8217;un grand bruit. Tout le monde va dehors pensant \u00e0 l&#8217;avion.<br \/>La r\u00e9action a \u00e9t\u00e9 de m\u00eame pour tous les Cabrerollais.<br \/>O\u00f9 est-il tomb\u00e9 ? Nous sommes tous sortis. L&#8217;avion avait mis le feu au bois de ch\u00eanes \u00e0 droite du village en face du ch\u00e2teau fort.<br \/><br \/>On distingue la lueur sur le versant de la montagne dite &#8220;le Balaruc&#8221; ainsi que le bruit : la p\u00e9tarade des cartouches qui \u00e9clataient au contact du feu.<br \/>Les plus jeunes, nous montons au ch\u00e2teau, \u00e0 la lueur des \u00e9clairs car il faisait nuit.<br \/>Arriv\u00e9s l\u00e0-haut nous assistons \u00e0 un v\u00e9ritable feu d&#8217;artifice fait par l&#8217;explosion de balles sur toutes les parois de la montagne.<br \/>Nous assistons \u00e0 ce spectacle mais tr\u00e8s complex\u00e9s par l&#8217;id\u00e9e de ce qui aurait pu nous arriver s&#8217;il \u00e9tait tomb\u00e9 sur le village et en pensant aux aviateurs s\u00fbrement tu\u00e9s apr\u00e8s ce choc effroyable et ne pouvant rien faire pour s&#8217;approcher de l&#8217;endroit o\u00f9 il s&#8217;\u00e9tait \u00e9cras\u00e9 au bout de la montagne nous avancions gr\u00e2ce aux \u00e9clairs.<br \/>Nous nous pr\u00e9parions \u00e0 descendre quand nous avons entendu deux heures apr\u00e8s la chute de l&#8217;avion, des personnes se parlant au bout de la montagne. C&#8217;\u00e9tait l&#8217;accent du pays (plus tard nous avons su qu&#8217;ils \u00e9taient de la Liqui\u00e8re).\u00a0<\/p><p>Malheureusement, le lendemain, nous pensions monter voir ce qui s&#8217;\u00e9tait pass\u00e9 mais les vendanges commencent et il faut remettre \u00e0 midi. Ce que nous faisons.<br \/>Par la route de La Borie, nous escaladons les bois et rochers plus accessibles que face au village.<br \/>Nous arrivons aux trois quarts de la montagne, l\u00e0 o\u00f9 l&#8217;avion a commenc\u00e9 \u00e0 percuter les ch\u00eanes verts qui sont tous cisaill\u00e9s \u00e0 leur extr\u00e9mit\u00e9 sur environ un m\u00e8tre.\u00a0C&#8217;est l\u00e0 qu&#8217;appara\u00eet toute la carlingue avec ses deux ailes presque enti\u00e8res mais sans les roues d&#8217;atterrissage qui avaient \u00e9t\u00e9 disloqu\u00e9es et \u00e9parpill\u00e9es sur le sol. Seule la roue arri\u00e8re \u00e9tait encore dans le fuselage. Nous arrivons l\u00e0 o\u00f9 l&#8217;avion a explos\u00e9 et mis le feu au bois (\u00e9teint par la pluie) pendant la nuit. Tout d&#8217;abord une odeur que j&#8217;ai gard\u00e9e longtemps, l\u2019huile de paraffine br\u00fbl\u00e9e. Sur le sol un amas de parachutes pendus aux arbres ainsi que des morceaux de chair et intestins des aviateurs, des souliers avec le pied, des genoux avec encore une partie du pantalon, les restes de deux \u00e0 trois aviateurs. Nous arrivons \u00e0 l&#8217;extr\u00e9mit\u00e9 du faux plat de la montagne qui bascule soudain dans une pente \u00e0 80 degr\u00e9s vers le ravin. Sur les derniers rochers qui dominent le ravin, le corps sans vie d&#8217;un allemand, v\u00eatu d&#8217;un treillis et dans sa main une jumelle mais les jambes le corps couverts d&#8217;h\u00e9matomes bleus. \u00a0<\/p><p>C&#8217;est \u00e0 cet endroit, \u00e0 10 m\u00e8tres plus bas que sera d\u00e9couvert un autre allemand sans vie, la t\u00eate fractur\u00e9e par le choc.<br \/>Il devait \u00eatre cinq ou six dans cet avion, &#8220;un Dornier&#8221; de reconnaissance mais bien arm\u00e9 au demeurant de bandes de cartouches de mitrailleuses trouv\u00e9es ainsi qu&#8217;un canon intact dans la carlingue.<br \/>Ce mod\u00e8le d&#8217;avion que nous voyons dans les revues avec 2 moteurs \u00e0 cylindre qui gisaient avec les h\u00e9lices au bas du ravin.<br \/>Lors de l&#8217;explosion plusieurs cylindres ont \u00e9t\u00e9 propuls\u00e9s vers le ch\u00e2teau, que nous avons retrouv\u00e9s par la suite, ainsi qu&#8217;une boule de fil \u00e9lectrique de 1m50 de diam\u00e8tre qui avait atterri sur le versant \u00e0 l&#8217;oppos\u00e9 de l&#8217;explosion.<br \/>Le lendemain les soldats allemands sont venus pour r\u00e9cup\u00e9rer les cadavres avec six cercueils et une plate-forme tract\u00e9e par un camion.<br \/>Mal renseign\u00e9 sur l&#8217;origine montagneuse ils ne peuvent prendre les restes de l&#8217;avion situ\u00e9s sur le c\u00f4t\u00e9 le plus escarp\u00e9 400 m d&#8217;altitude, le village \u00e9tant \u00e0 300 m.<br \/>D\u00e9j\u00e0 la Kommandantur de B\u00e9ziers qui avait pr\u00e9venu la mairie de mettre le garde municipal qui \u00e9tait en permanence sur les lieux pour emp\u00eacher les voleurs.<br \/>Mais les Allemands voyant qu&#8217;ils ne pouvaient rien r\u00e9cup\u00e9rer, ne reviendront pas.<br \/>Les Cabrerollais et voisins firent le tri de ce qu&#8217;ils pouvaient prendre ( parachutes, cartouches, fil \u00e9lectrique, roues, t\u00f4les, etc&#8230;).<br \/>Pendant plusieurs ann\u00e9es les ferrailleurs s&#8217;occup\u00e8rent de d\u00e9couper tout l&#8217;appareil. Nous les entendions taper sur les t\u00f4les. Ainsi il ne reste plus rien.<br \/>Il faut signaler que pendant la guerre, l&#8217;\u00e9clairage municipal ne devait rester allum\u00e9 qu&#8217;une \u00e0 deux heures \u00e0 Cabrerolles. Le garde qui s&#8217;occupait de cela avait laiss\u00e9 allum\u00e9 toute la nuit. Aussi, le seul village \u00e9clair\u00e9 de la r\u00e9gion \u00e9tait Cabrerolles.<br \/>Ce qui a pu influencer les aviateurs des allers-retours qu&#8217;ils ont d\u00fb faire pendant plusieurs fois \u00e0 faible altitude en vue de l&#8217;atterrissage. \u00a0<\/p><p>\u00a0<\/p><p>\u00a0<\/p><\/div>\n\t\t\t\t<\/div>\n\t\t\t\t\t\t\t\t<\/div>\n\t\t\t\t\t\t<\/div>\n\t\t\t\t<\/div>\n\t\t\t\t\t<\/div>\n\t\t<\/div>\n\t\t\t\t\t<\/div>\n\t\t<\/section>\n\t\t\t\t<\/div>\n\t\t","protected":false},"excerpt":{"rendered":"<p>Pour les s\u00e9niors Club de la CoquilladeRue Egalit\u00e9 34480 AutignacT\u00e9l\u00e9phone : 04 67 90 12 80Pr\u00e9sident : Fran\u00e7ois Humbert *** Pr\u00e9sence Verte ServicePr\u00e9sident : M. Jack GAUFFRE Agence locale : 8, avenue Charles Trenet &#8211; 34360 SAINT CHINIANHoraires: du lundi au vendredi, de 8h30 \u00e0 12h30 et de 13h30 \u00e0 17h30T\u00e9l\u00e9phone : 04 67 24 &hellip; <\/p>\n<p class=\"link-more\"><a href=\"https:\/\/www.cabrerolles.fr\/?page_id=95\" class=\"more-link\">Continuer la lecture<span class=\"screen-reader-text\"> de &laquo;&nbsp;S\u00e9niors&nbsp;&raquo;<\/span><\/a><\/p>\n","protected":false},"author":1,"featured_media":0,"parent":0,"menu_order":0,"comment_status":"closed","ping_status":"closed","template":"","meta":{"advgb_blocks_editor_width":"","advgb_blocks_columns_visual_guide":"","footnotes":""},"class_list":["post-95","page","type-page","status-publish","hentry"],"coauthors":[],"author_meta":{"author_link":"https:\/\/www.cabrerolles.fr\/?author=1","display_name":"mairie"},"relative_dates":{"created":"Publi\u00e9 5 ans il y a","modified":"Mis \u00e0 jour 3 ans il y a"},"absolute_dates":{"created":"Publi\u00e9 le 25 janvier 2021","modified":"Mise \u00e0 jour le 30 mars 2023"},"absolute_dates_time":{"created":"Publi\u00e9 le 25 janvier 2021 12h33","modified":"Mise \u00e0 jour le 30 mars 2023 14h09"},"featured_img_caption":"","featured_img":false,"series_order":"","_links":{"self":[{"href":"https:\/\/www.cabrerolles.fr\/index.php?rest_route=\/wp\/v2\/pages\/95","targetHints":{"allow":["GET"]}}],"collection":[{"href":"https:\/\/www.cabrerolles.fr\/index.php?rest_route=\/wp\/v2\/pages"}],"about":[{"href":"https:\/\/www.cabrerolles.fr\/index.php?rest_route=\/wp\/v2\/types\/page"}],"author":[{"embeddable":true,"href":"https:\/\/www.cabrerolles.fr\/index.php?rest_route=\/wp\/v2\/users\/1"}],"replies":[{"embeddable":true,"href":"https:\/\/www.cabrerolles.fr\/index.php?rest_route=%2Fwp%2Fv2%2Fcomments&post=95"}],"version-history":[{"count":35,"href":"https:\/\/www.cabrerolles.fr\/index.php?rest_route=\/wp\/v2\/pages\/95\/revisions"}],"predecessor-version":[{"id":4274,"href":"https:\/\/www.cabrerolles.fr\/index.php?rest_route=\/wp\/v2\/pages\/95\/revisions\/4274"}],"wp:attachment":[{"href":"https:\/\/www.cabrerolles.fr\/index.php?rest_route=%2Fwp%2Fv2%2Fmedia&parent=95"}],"curies":[{"name":"wp","href":"https:\/\/api.w.org\/{rel}","templated":true}]}}